= -75*y - 19. Let o(l) = 6*a(l) + 11*z(l). Calculate o(n).
-1
Let z = -619 + 626. Let c(i) = i**3 - 6*i**2 - 5*i + 10. Give c(z).
24
Let p(w) = -w + 12. Let o(l) = l**3 - 14*l**2 + 17*l - 12. Let n be o(13). Let u = n - 33. Determine p(u).
5
Let x(q) = -2*q**2 - 2 - 2 + 8 - q**3 + 7*q - 2*q. What is x(-3)?
-2
Let o = -3 + 5. Suppose 9 = o*y - 3. Let p(j) = -1 - 4 + 4*j**2 + y*j**3 - 3*j - 5*j**3 + 4. Determine p(-4).
11
Let n(r) = r**3 - 3*r**2 - 4*r + 4. Let d(z) = 2*z - 5. Let v(u) = -2*u - 8. Let g be v(-6). Let s be d(g). Give n(s).
-8
Let a(o) = 5*o. Let t(d) be the third derivative of -5*d**4/8 + 21*d**2. Let r(g) = 8*a(g) + 3*t(g). What is r(-2)?
10
Let f(g) be the first derivative of -4*g**3 + g**2/2 + 14. Suppose 3*m = 43 - 46. Determine f(m).
-13
Let h(m) = 3*m**2 + 0*m + 2 + m**3 - 7*m + 9*m. Give h(-3).
-4
Let n(y) be the second derivative of 7*y**5/10 + y**4/12 - y**2/2 - 113*y - 1. Let o(a) = -a + 8. Let v be o(7). What is n(v)?
14
Let z(j) = 4*j + 33. Suppose -195 = 19*w - 5. What is z(w)?
-7
Let w(y) = 5*y. Suppose 10*k = 9 + 1. Let s(r) = -r - 2. Let i(d) = 2. Let g(m) = 4*i(m) + 3*s(m). Let o be g(k). What is w(o)?
-5
Let a be -3 - (-3 + 2 - 2*3). Let r(h) = 2*h + 6 + 4*h - a - 4 - 2*h**2. Calculate r(4).
-10
Let g = -280 - -276. Let d(x) = x**2 + 3*x + 2. Calculate d(g).
6
Let j(c) = -c - 5. Let g(l) be the first derivative of l**4/4 - 10*l**3/3 - 6*l + 6. Let u be g(10). Calculate j(u).
1
Let l = 4 + -3. Let f be -4 - -1*(-1 + l). Let i(t) = -4*t**2 + 91 + 2*t**3 - 97 - 2*t**3 - 3*t - t**3. Determine i(f).
6
Let s(w) be the second derivative of w**5/20 + w**4/4 + w**3/3 - w**2/2 - 5*w. Let c(m) = -27*m - 83. Let i be c(-3). What is s(i)?
-1
Let u(s) = -6994 - 2*s - s**2 + 6994. Let w(z) = 6*z**2 + 18*z - 7. Let f(l) = 5*u(l) + w(l). Calculate f(-9).
2
Let x(v) be the third derivative of 1/20*v**5 + 0 + 0*v - 1/2*v**3 - 13*v**2 - 5/24*v**4 + 1/120*v**6. Calculate x(-4).
1
Let m be (-42)/(-98) - (-8)/14. Let w(x) = -16*x. Calculate w(m).
-16
Let h(n) be the third derivative of -n**4/12 + n**3 + 1118*n**2. What is h(7)?
-8
Let a(d) = -1121 - 20*d + 1122 + 19*d. What is a(1)?
0
Suppose 8*q = 10*q + 6. Let h(b) = -2*b**2 + 3*b + 3. Calculate h(q).
-24
Let r(y) be the second derivative of y + 3/2*y**2 - 7 + 1/6*y**3. Give r(-3).
0
Let y(d) = -d**3 + 4*d**2 + d + 7. Let o(a) be the first derivative of a**4/4 - a**3 - a**2/2 - 6*a - 4. Let i(v) = -7*o(v) - 6*y(v). Calculate i(-3).
-3
Let j(i) = 9*i**2 + i + 1. Let s(b) = 28*b**2 + 3*b + 3. Let v(m) = -7*j(m) + 2*s(m). Let g = -7 - -19. Let f be (-21)/15 + g/30. Determine v(f).
-7
Let s(n) be the second derivative of -n**8/6720 - n**7/420 - 7*n**6/720 - n**5/30 - n**4/12 - n. Let x(g) be the third derivative of s(g). Determine x(-5).
6
Let u(r) = 2*r - 12. Suppose 4*v + h = 125, 2*v - 44 = -4*h + 8. Let s = -23 + v. Determine u(s).
6
Let r = 4 - -2. Let c(i) = i + 6. Let q(l) = 1. Let d(k) = c(k) - 6*q(k). What is d(r)?
6
Suppose 3*k = 2*k - 27. Let m = k - -21. Let x(f) be the first derivative of f**2/2 - 8. What is x(m)?
-6
Suppose q = 3*x + 23, -3*x - 33 + 35 = 4*q. Let j(c) = c**3 + 5*c**2 - 7*c - 11. What is j(x)?
-5
Let k(a) = a**3 - 6*a**2 - 10*a + 9. Suppose -18 = 2*j - 2*p - 6, -2*p - 6 = 0. Let o be (-80)/(-12) - 3/j. Calculate k(o).
-12
Let x(d) = 2 + 2*d + 7*d - d**2 - 7. Let q(s) = -s**2 + 10*s - 5. Let m(h) = -2*h + 14. Let b be m(8). Let f(i) = b*q(i) + 3*x(i). Calculate f(5).
5
Let r(h) = -h**3 + 9*h**2 + h + 5. Let b(z) = -2*z**3 + 18*z**2 + 3*z + 9. Let p(g) = -2*b(g) + 5*r(g). Suppose 2*d - 25 = -o - 2*d, -3*d + 57 = 5*o. Give p(o).
-2
Let x(j) = -j. Let w be ((-7)/2 - 1/(-2)) + -70. Let y = -68 - w. What is x(y)?
-5
Let a(p) = -2*p**2 + p - 1. Let d be 6/9 - (-22)/66. What is a(d)?
-2
Let p(x) = -10*x**2 - 1 + 0 + 2. Let t be -4*(2 - 1) + 3. Let z be 8/((-4)/t) - 1. Calculate p(z).
-9
Let v(h) be the first derivative of -3*h - 18 + 4*h**2 + 3*h**2 - 5*h**2. Calculate v(3).
9
Suppose 2*m - 5*p = 172, -3*p - 19 = 3*m - 256. Let s = -83 + m. Let k(n) = -2*n**3 - n**2 + 4*n + 3. Determine k(s).
7
Let j(t) = -t - 7. Let n be (0/6)/(2*(-1 + 0)). Suppose n = 11*l + 261 - 107. What is j(l)?
7
Let t(s) = 3*s - 45. Let g be t(16). Suppose -h = 5*f - 14, -g + 31 = 4*f + 5*h. Let b(a) be the third derivative of -a**5/60 - a**4/24 - a**2. Give b(f).
-6
Let c(z) = z + 25. Let p(y) = y**2 - 3*y - 244. Let v be p(17). Determine c(v).
19
Suppose -3*b - 5*p + 34 = 0, -22 = -5*b + 6*b - 5*p. Let y(v) = -8*v**2 - 12*v - v**3 + b*v - 2*v**2 + 4 + 0*v**3. Determine y(-9).
4
Let o(u) = u + 1. Let g(b) = 10*b - 1 - 4*b - 2*b + 2*b. Let i(p) = g(p) - 5*o(p). Calculate i(5).
-1
Let p(k) be the second derivative of 11*k**4/12 + k**3/3 - k**2/2 - k. Let b(q) = 3*q**3 + 5*q**2 + 6*q + 2. Let y be b(-2). Let c = y - -15. Determine p(c).
12
Let g(a) be the third derivative of a**6/120 - a**5/12 - a**4/4 - 5*a**3/6 + 11*a**2. Let q(k) = k. Let i(r) = -g(r) - 6*q(r). Calculate i(5).
5
Suppose -13*l + 9*l = 0. Suppose -4*y + l*y = 24. Let i(q) = q**3 + 5*q**2 - 4*q + 8. Calculate i(y).
-4
Let y = -1746 + 1748. Let w(m) be the third derivative of 5*m**y - 2/3*m**3 + 1/120*m**6 + 0*m - 1/10*m**5 + 1/4*m**4 + 0. What is w(5)?
1
Let j(m) = m + 5. Let q(v) = v**2 - 17*v - 34. Let f be q(19). Suppose -f*p + 41 - 61 = 0. Determine j(p).
0
Let n(d) = 17*d**2 + 37*d - 7. Let x(f) = 9*f**2 + 20*f - 4. Let p(u) = 6*n(u) - 11*x(u). Let c be ((-2)/(-3))/(-1)*3. What is p(c)?
10
Let t(s) = -15 - 2*s + 3*s + 20. Suppose 12*v = 15*v. What is t(v)?
5
Let k(a) = -4*a - 58. Let o(l) = 3*l + 48. Let u(q) = -4*k(q) - 5*o(q). Determine u(8).
0
Let i(j) be the third derivative of j**4/6 - 4*j**3/3 - 3*j**2 - 24. Determine i(8).
24
Let q(j) = 4*j - 12. Suppose -108*l + 84 = -87*l. Calculate q(l).
4
Let c(m) be the third derivative of m**6/120 - m**5/15 + m**4/8 - m**3/3 - 2*m**2 - 15. Determine c(2).
-4
Let a(f) = 5*f**3 - f. Let n = 28 + -8. Suppose 5*i - 53 = -3*u, -2*i = 8*u - 6*u - 38. Let b = n - u. Calculate a(b).
-4
Let o(d) be the third derivative of -d**6/120 + d**5/10 + d**4/6 - d**3/6 - 203*d**2. Determine o(7).
-22
Let n(z) be the first derivative of -2*z**3/3 + z - 219. Let t = -1 - 1. What is n(t)?
-7
Let f(t) = -t**2 + t + 5. Let z(y) = -20 + 23 - 23 + 5*y. Let j be z(5). Determine f(j).
-15
Let o(f) = 20*f - 2*f**2 - 14*f - 5*f**2 + 5*f**2 - 4. Give o(5).
-24
Let i(y) = y**3 + y + 7. Let l be 4/10 + (-158)/395. Determine i(l).
7
Let r(c) be the first derivative of 1/4*c**4 + 1/3*c**3 + c + c**2 + 11. Determine r(-3).
-23
Suppose 2*x = 3*u - 3*x + 2, 0 = 2*u + x - 16. Let w(s) = 0 + 2 - s**2 + u*s + 3 - 3. Suppose 4*l = l + 15. What is w(l)?
7
Let d(u) be the third derivative of 13*u**5/60 - u**3/6 + 6*u**2. Suppose 4*i - i + b = 2, 4*i = 2*b + 6. Suppose g - i = 2*g. Calculate d(g).
12
Let g(c) = -c - 7. Let w(u) = 7*u**2 + 4*u - 17. Let m(b) = -10*b**2 - 6*b + 26. Let t(k) = -5*m(k) - 7*w(k). Let p be t(-4). Determine g(p).
-4
Let y(z) = 2*z**2 - 8*z - 14. Let h(k) = 2*k**2 - 7*k - 14. Let r(m) = -5*h(m) + 4*y(m). Let w(b) be the first derivative of r(b). Give w(4).
-13
Let l(o) = -o + 4. Let y(f) = 3*f + 12. Let z be y(-3). Let t be l(z). Let r(a) = -2*a**2 - 1. Determine r(t).
-3
Let o(m) = m + 1. Let d(n) = 3*n + 1. Let k(q) = -d(q) + 2*o(q). Determine k(-5).
6
Suppose -2*x - 8 = g - 6*x, 5*g + 3*x + 17 = 0. Let s be (g/(-20))/(((-4)/5)/(-4)). Let c(l) = -14*l. Calculate c(s).
-14
Let o(m) be the second derivative of m**6/360 + m**5/120 - m**4/6 - 2*m**3 + 4*m. Let a(z) be the second derivative of o(z). Let h = 13 - 13. Give a(h).
-4
Let f be -2 + (-304)/(0 - 4). Let s(a) = -f*a**2 - 4 + 37*a**2 + 4*a - a**3 + 2*a + 41*a**2. Determine s(5).
1
Let z be -19 + 390/20 - 75/2. Suppose -10 = 5*b - 10*b, 3*k = 3*b + 120. Let c = k + z. Let n(w) = w - 4. What is n(c)?
1
Let a(o) be the first derivative of o**2/2 - 12*o + 18. Suppose -7*d = -3*d - 24. What is a(d)?
-6
Let u(o) = o + 2*o**3 + 22 - 5*o**2 - o**3 - 22. Let r be u(5). Let g(w) = -1 + 2 + 2*w - 5. Determine g(r).
6
Let i = 59 - 56. Suppose -8 = -4*a - 0*a. Let v = a + i. Let w(r) = -r**2 + 6*r + 3. Give w(v).
8
Let p be (2 - 1)/((-1)/(-1) + 0). Let g(x) = -18*x**2 - 2*x + 1. Determine g(p).
-19
Let l(i) = -i**2 - 8*i - 6. Let k(b) = 42*b + 1.